{"id":816,"date":"2021-04-28T15:05:25","date_gmt":"2021-04-28T13:05:25","guid":{"rendered":"https:\/\/agat-online.org\/?page_id=816"},"modified":"2021-05-07T13:17:53","modified_gmt":"2021-05-07T11:17:53","slug":"matrei-am-brenner-tirol","status":"publish","type":"page","link":"https:\/\/agat-online.org\/?page_id=816","title":{"rendered":"Matrei am Brenner &#8211; Tirol"},"content":{"rendered":"\n<p>Aufgrund der Pandemielage ist eine Pr\u00e4senztagung der AGAT in Matrei am Brenner in Tirol nicht m\u00f6glich. Die Kollegen Georg Fischer und Benedikt Collinet haben daher einige stimmungsvolle Imagevideos zusammengestellt, die hier den Mitgliedern der AGAT pr\u00e4sentiert werden, &#8222;um wenigstens ein bisschen Tirol-Feeling zu erzeugen&#8220;.<\/p>\n\n\n\n<p><a href=\"https:\/\/www.youtube.com\/watch?v=sHYK4Z8-owg\" target=\"_blank\" rel=\"noreferrer noopener\">Imagevideo der Universit\u00e4t Innsbruck<\/a><\/p>\n\n\n\n<p><a href=\"https:\/\/www.youtube.com\/watch?v=jveJpPh78I4\" target=\"_blank\" rel=\"noreferrer noopener\">Imagevideo der Katholisch-Theologischen Fakult\u00e4t der Uni Innsbruck<\/a><\/p>\n\n\n\n<p><a href=\"https:\/\/www.youtube.com\/watch?v=0lh38aDRp1o\" target=\"_blank\" rel=\"noreferrer noopener\">Eindrucksvolle Blicke auf Innsbruck<\/a><\/p>\n\n\n\n<p><a href=\"https:\/\/st.michael.dibk.at\/Startseite\" target=\"_blank\" rel=\"noreferrer noopener\">Das Bildungshaus St. Michael in Matrei am Brenner<\/a><\/p>\n\n\n\n<p><a href=\"https:\/\/www.youtube.com\/watch?v=EOKy0mr44j0\" target=\"_blank\" rel=\"noreferrer noopener\">Das Zillertal<\/a><\/p>\n\n\n\n<p><a href=\"https:\/\/www.youtube.com\/watch?v=nN9_QMqQpvQ\" target=\"_blank\" rel=\"noreferrer noopener\">Die Achenseeregion<\/a><\/p>\n\n\n\n<p>Bilder von der Katholisch-Theologischen Fakult\u00e4t in Innsbruck (bereitgestellt von Georg Fischer):<\/p>\n\n\n\n<figure class=\"wp-block-image size-large\"><a href=\"https:\/\/agat-online.org\/wp-content\/uploads\/2021\/05\/Westblock-der-Fakultaet-Jesuitenkirche-von-Suedosten-im-Fruehling-scaled.jpg\"><img loading=\"lazy\" decoding=\"async\" width=\"1024\" height=\"680\" src=\"https:\/\/agat-online.org\/wp-content\/uploads\/2021\/05\/Westblock-der-Fakultaet-Jesuitenkirche-von-Suedosten-im-Fruehling-1024x680.jpg\" alt=\"\" class=\"wp-image-824\" srcset=\"https:\/\/agat-online.org\/wp-content\/uploads\/2021\/05\/Westblock-der-Fakultaet-Jesuitenkirche-von-Suedosten-im-Fruehling-1024x680.jpg 1024w, https:\/\/agat-online.org\/wp-content\/uploads\/2021\/05\/Westblock-der-Fakultaet-Jesuitenkirche-von-Suedosten-im-Fruehling-300x199.jpg 300w, https:\/\/agat-online.org\/wp-content\/uploads\/2021\/05\/Westblock-der-Fakultaet-Jesuitenkirche-von-Suedosten-im-Fruehling-768x510.jpg 768w, https:\/\/agat-online.org\/wp-content\/uploads\/2021\/05\/Westblock-der-Fakultaet-Jesuitenkirche-von-Suedosten-im-Fruehling-1536x1020.jpg 1536w, https:\/\/agat-online.org\/wp-content\/uploads\/2021\/05\/Westblock-der-Fakultaet-Jesuitenkirche-von-Suedosten-im-Fruehling-2048x1360.jpg 2048w, https:\/\/agat-online.org\/wp-content\/uploads\/2021\/05\/Westblock-der-Fakultaet-Jesuitenkirche-von-Suedosten-im-Fruehling-1200x797.jpg 1200w\" sizes=\"auto, (max-width: 709px) 85vw, (max-width: 909px) 67vw, (max-width: 1362px) 62vw, 840px\" \/><\/a><figcaption>Ostfl\u00fcgel der Fakult\u00e4t und Jesuitenkirche von S\u00fcdosten<\/figcaption><\/figure>\n\n\n\n<figure class=\"wp-block-image size-large\"><a href=\"https:\/\/agat-online.org\/wp-content\/uploads\/2021\/05\/Westblock-der-Fakultaet-von-Suedosten-im-Winter-scaled.jpg\"><img loading=\"lazy\" decoding=\"async\" width=\"680\" height=\"1024\" src=\"https:\/\/agat-online.org\/wp-content\/uploads\/2021\/05\/Westblock-der-Fakultaet-von-Suedosten-im-Winter-680x1024.jpg\" alt=\"\" class=\"wp-image-826\" srcset=\"https:\/\/agat-online.org\/wp-content\/uploads\/2021\/05\/Westblock-der-Fakultaet-von-Suedosten-im-Winter-680x1024.jpg 680w, https:\/\/agat-online.org\/wp-content\/uploads\/2021\/05\/Westblock-der-Fakultaet-von-Suedosten-im-Winter-199x300.jpg 199w, https:\/\/agat-online.org\/wp-content\/uploads\/2021\/05\/Westblock-der-Fakultaet-von-Suedosten-im-Winter-768x1156.jpg 768w, https:\/\/agat-online.org\/wp-content\/uploads\/2021\/05\/Westblock-der-Fakultaet-von-Suedosten-im-Winter-1020x1536.jpg 1020w, https:\/\/agat-online.org\/wp-content\/uploads\/2021\/05\/Westblock-der-Fakultaet-von-Suedosten-im-Winter-1360x2048.jpg 1360w, https:\/\/agat-online.org\/wp-content\/uploads\/2021\/05\/Westblock-der-Fakultaet-von-Suedosten-im-Winter-1200x1807.jpg 1200w, https:\/\/agat-online.org\/wp-content\/uploads\/2021\/05\/Westblock-der-Fakultaet-von-Suedosten-im-Winter-scaled.jpg 1700w\" sizes=\"auto, (max-width: 680px) 85vw, 680px\" \/><\/a><figcaption>Ostfl\u00fcgel der Fakult\u00e4t von S\u00fcdosten im Winter<\/figcaption><\/figure>\n\n\n\n<p><\/p>\n\n\n\n<figure class=\"wp-block-image size-large\"><a href=\"https:\/\/agat-online.org\/wp-content\/uploads\/2021\/05\/Westblock-der-Fakultaet-von-Suedosten-gegen-die-Jesuitenkirche-1.jpg\"><img loading=\"lazy\" decoding=\"async\" width=\"575\" height=\"1024\" src=\"https:\/\/agat-online.org\/wp-content\/uploads\/2021\/05\/Westblock-der-Fakultaet-von-Suedosten-gegen-die-Jesuitenkirche-1-575x1024.jpg\" alt=\"\" class=\"wp-image-828\" srcset=\"https:\/\/agat-online.org\/wp-content\/uploads\/2021\/05\/Westblock-der-Fakultaet-von-Suedosten-gegen-die-Jesuitenkirche-1-575x1024.jpg 575w, https:\/\/agat-online.org\/wp-content\/uploads\/2021\/05\/Westblock-der-Fakultaet-von-Suedosten-gegen-die-Jesuitenkirche-1-168x300.jpg 168w, https:\/\/agat-online.org\/wp-content\/uploads\/2021\/05\/Westblock-der-Fakultaet-von-Suedosten-gegen-die-Jesuitenkirche-1-768x1368.jpg 768w, https:\/\/agat-online.org\/wp-content\/uploads\/2021\/05\/Westblock-der-Fakultaet-von-Suedosten-gegen-die-Jesuitenkirche-1-862x1536.jpg 862w, https:\/\/agat-online.org\/wp-content\/uploads\/2021\/05\/Westblock-der-Fakultaet-von-Suedosten-gegen-die-Jesuitenkirche-1.jpg 898w\" sizes=\"auto, (max-width: 575px) 85vw, 575px\" \/><\/a><figcaption>Ostfl\u00fcgel der Fakult\u00e4t von S\u00fcdosten, gegen die Jesuitenkirche<\/figcaption><\/figure>\n\n\n\n<figure class=\"wp-block-image size-large\"><a href=\"https:\/\/agat-online.org\/wp-content\/uploads\/2021\/05\/Westblock-der-Fakultaet.jpg\"><img loading=\"lazy\" decoding=\"async\" width=\"1024\" height=\"575\" src=\"https:\/\/agat-online.org\/wp-content\/uploads\/2021\/05\/Westblock-der-Fakultaet-1024x575.jpg\" alt=\"\" class=\"wp-image-829\" srcset=\"https:\/\/agat-online.org\/wp-content\/uploads\/2021\/05\/Westblock-der-Fakultaet-1024x575.jpg 1024w, https:\/\/agat-online.org\/wp-content\/uploads\/2021\/05\/Westblock-der-Fakultaet-300x168.jpg 300w, https:\/\/agat-online.org\/wp-content\/uploads\/2021\/05\/Westblock-der-Fakultaet-768x431.jpg 768w, https:\/\/agat-online.org\/wp-content\/uploads\/2021\/05\/Westblock-der-Fakultaet-1536x862.jpg 1536w, https:\/\/agat-online.org\/wp-content\/uploads\/2021\/05\/Westblock-der-Fakultaet-1200x674.jpg 1200w, https:\/\/agat-online.org\/wp-content\/uploads\/2021\/05\/Westblock-der-Fakultaet.jpg 1600w\" sizes=\"auto, (max-width: 709px) 85vw, (max-width: 909px) 67vw, (max-width: 1362px) 62vw, 840px\" \/><\/a><figcaption>Westfl\u00fcge der Fakult\u00e4t vor der Nordkette<\/figcaption><\/figure>\n\n\n\n<figure class=\"wp-block-image size-large\"><a href=\"https:\/\/agat-online.org\/wp-content\/uploads\/2021\/05\/zentrales-Deckengemaelde-im-Madonnensaal-der-Theol.-Fakultaet-Ibk-scaled.jpg\"><img loading=\"lazy\" decoding=\"async\" width=\"683\" height=\"1024\" src=\"https:\/\/agat-online.org\/wp-content\/uploads\/2021\/05\/zentrales-Deckengemaelde-im-Madonnensaal-der-Theol.-Fakultaet-Ibk-683x1024.jpg\" alt=\"\" class=\"wp-image-830\" srcset=\"https:\/\/agat-online.org\/wp-content\/uploads\/2021\/05\/zentrales-Deckengemaelde-im-Madonnensaal-der-Theol.-Fakultaet-Ibk-683x1024.jpg 683w, https:\/\/agat-online.org\/wp-content\/uploads\/2021\/05\/zentrales-Deckengemaelde-im-Madonnensaal-der-Theol.-Fakultaet-Ibk-200x300.jpg 200w, https:\/\/agat-online.org\/wp-content\/uploads\/2021\/05\/zentrales-Deckengemaelde-im-Madonnensaal-der-Theol.-Fakultaet-Ibk-768x1152.jpg 768w, https:\/\/agat-online.org\/wp-content\/uploads\/2021\/05\/zentrales-Deckengemaelde-im-Madonnensaal-der-Theol.-Fakultaet-Ibk-1024x1536.jpg 1024w, https:\/\/agat-online.org\/wp-content\/uploads\/2021\/05\/zentrales-Deckengemaelde-im-Madonnensaal-der-Theol.-Fakultaet-Ibk-1365x2048.jpg 1365w, https:\/\/agat-online.org\/wp-content\/uploads\/2021\/05\/zentrales-Deckengemaelde-im-Madonnensaal-der-Theol.-Fakultaet-Ibk-1200x1800.jpg 1200w, https:\/\/agat-online.org\/wp-content\/uploads\/2021\/05\/zentrales-Deckengemaelde-im-Madonnensaal-der-Theol.-Fakultaet-Ibk-scaled.jpg 1707w\" sizes=\"auto, (max-width: 683px) 85vw, 683px\" \/><\/a><figcaption>zentrales Deckengem\u00e4lde im Madonnensaal<\/figcaption><\/figure>\n","protected":false},"excerpt":{"rendered":"<p>Aufgrund der Pandemielage ist eine Pr\u00e4senztagung der AGAT in Matrei am Brenner in Tirol nicht m\u00f6glich. Die Kollegen Georg Fischer und Benedikt Collinet haben daher einige stimmungsvolle Imagevideos zusammengestellt, die hier den Mitgliedern der AGAT pr\u00e4sentiert werden, &#8222;um wenigstens ein bisschen Tirol-Feeling zu erzeugen&#8220;. Imagevideo der Universit\u00e4t Innsbruck Imagevideo der Katholisch-Theologischen Fakult\u00e4t der Uni Innsbruck &hellip; <a href=\"https:\/\/agat-online.org\/?page_id=816\" class=\"more-link\"><span class=\"screen-reader-text\">\u201eMatrei am Brenner &#8211; Tirol\u201c <\/span>weiterlesen<\/a><\/p>\n","protected":false},"author":1,"featured_media":0,"parent":24,"menu_order":0,"comment_status":"closed","ping_status":"closed","template":"","meta":{"footnotes":""},"class_list":["post-816","page","type-page","status-publish","hentry"],"_links":{"self":[{"href":"https:\/\/agat-online.org\/index.php?rest_route=\/wp\/v2\/pages\/816","targetHints":{"allow":["GET"]}}],"collection":[{"href":"https:\/\/agat-online.org\/index.php?rest_route=\/wp\/v2\/pages"}],"about":[{"href":"https:\/\/agat-online.org\/index.php?rest_route=\/wp\/v2\/types\/page"}],"author":[{"embeddable":true,"href":"https:\/\/agat-online.org\/index.php?rest_route=\/wp\/v2\/users\/1"}],"replies":[{"embeddable":true,"href":"https:\/\/agat-online.org\/index.php?rest_route=%2Fwp%2Fv2%2Fcomments&post=816"}],"version-history":[{"count":4,"href":"https:\/\/agat-online.org\/index.php?rest_route=\/wp\/v2\/pages\/816\/revisions"}],"predecessor-version":[{"id":846,"href":"https:\/\/agat-online.org\/index.php?rest_route=\/wp\/v2\/pages\/816\/revisions\/846"}],"up":[{"embeddable":true,"href":"https:\/\/agat-online.org\/index.php?rest_route=\/wp\/v2\/pages\/24"}],"wp:attachment":[{"href":"https:\/\/agat-online.org\/index.php?rest_route=%2Fwp%2Fv2%2Fmedia&parent=816"}],"curies":[{"name":"wp","href":"https:\/\/api.w.org\/{rel}","templated":true}]}}