{"id":40,"date":"2012-04-12T16:10:54","date_gmt":"2012-04-12T14:10:54","guid":{"rendered":"http:\/\/agat-online.org\/?page_id=40"},"modified":"2024-04-15T12:10:28","modified_gmt":"2024-04-15T10:10:28","slug":"mitglieder","status":"publish","type":"page","link":"https:\/\/agat-online.org\/?page_id=40","title":{"rendered":"Mitglieder"},"content":{"rendered":"\n<p>Die AGAT hat derzeit 145 Mitglieder.<\/p>\n\n\n\n<p><a title=\"Mitgliederliste\" href=\"https:\/\/agat-online.org\/?page_id=83\">Adressenliste <\/a>(passwortgesch\u00fctzt)<\/p>\n\n\n\n<p><a title=\"Mitglieder E-Mail-Adressen\" href=\"https:\/\/agat-online.org\/?page_id=109\" target=\"_blank\" rel=\"noopener noreferrer\">E-Mail-Adressenliste<\/a> (passwortgesch\u00fctzt)<\/p>\n\n\n\n<p>Die AGAT bittet darum, die E-Mail-Adressliste zu \u00fcberpr\u00fcfen und notwendige \u00c4nderungen baldm\u00f6glichst mitzuteilen (<a title=\"Kontakt\" href=\"https:\/\/agat-online.org\/?page_id=45\">Kontakt<\/a>).<\/p>\n","protected":false},"excerpt":{"rendered":"<p>Die AGAT hat derzeit 145 Mitglieder. Adressenliste (passwortgesch\u00fctzt) E-Mail-Adressenliste (passwortgesch\u00fctzt) Die AGAT bittet darum, die E-Mail-Adressliste zu \u00fcberpr\u00fcfen und notwendige \u00c4nderungen baldm\u00f6glichst mitzuteilen (Kontakt).<\/p>\n","protected":false},"author":1,"featured_media":0,"parent":0,"menu_order":6,"comment_status":"closed","ping_status":"closed","template":"","meta":{"footnotes":""},"class_list":["post-40","page","type-page","status-publish","hentry"],"_links":{"self":[{"href":"https:\/\/agat-online.org\/index.php?rest_route=\/wp\/v2\/pages\/40","targetHints":{"allow":["GET"]}}],"collection":[{"href":"https:\/\/agat-online.org\/index.php?rest_route=\/wp\/v2\/pages"}],"about":[{"href":"https:\/\/agat-online.org\/index.php?rest_route=\/wp\/v2\/types\/page"}],"author":[{"embeddable":true,"href":"https:\/\/agat-online.org\/index.php?rest_route=\/wp\/v2\/users\/1"}],"replies":[{"embeddable":true,"href":"https:\/\/agat-online.org\/index.php?rest_route=%2Fwp%2Fv2%2Fcomments&post=40"}],"version-history":[{"count":80,"href":"https:\/\/agat-online.org\/index.php?rest_route=\/wp\/v2\/pages\/40\/revisions"}],"predecessor-version":[{"id":1079,"href":"https:\/\/agat-online.org\/index.php?rest_route=\/wp\/v2\/pages\/40\/revisions\/1079"}],"wp:attachment":[{"href":"https:\/\/agat-online.org\/index.php?rest_route=%2Fwp%2Fv2%2Fmedia&parent=40"}],"curies":[{"name":"wp","href":"https:\/\/api.w.org\/{rel}","templated":true}]}}